{"id":17642,"date":"2021-08-25T14:43:24","date_gmt":"2021-08-25T12:43:24","guid":{"rendered":"https:\/\/www.ekonuta.pl\/?post_type=product&#038;p=17642"},"modified":"2023-12-29T09:13:27","modified_gmt":"2023-12-29T08:13:27","slug":"ocet-jablkowycydrowy-bio-z-matka-octowa-ze-starych-odmian-jabloni-z-mieta-250ml","status":"publish","type":"product","link":"https:\/\/www.ekonuta.pl\/?product=ocet-jablkowycydrowy-bio-z-matka-octowa-ze-starych-odmian-jabloni-z-mieta-250ml","title":{"rendered":"Ocet jab\u0142kowy(cydrowy) BIO z matk\u0105 octow\u0105 ze starych odmian jab\u0142oni z mi\u0119t\u0105 &#8211; 250ml"},"content":{"rendered":"","protected":false},"excerpt":{"rendered":"<p>Ocet jab\u0142kowy(<strong>cydrowy<\/strong>) z matk\u0105 octow\u0105 ze starych odmian jab\u0142oni i z ga\u0142\u0105zk\u0105 mi\u0119ty, wytwarzany metod\u0105 tradycyjn\u0105 z odmian: Malinowa Oberlandzka, Z\u0142ota Reneta, Szara Reneta, Cesarz Wilhelm, Bancroft, Oliwka \u017b\u00f3\u0142ta(Papier\u00f3wka), z w\u0142asnego ponad 50-cio letniego sadu tradycyjnego, posiadaj\u0105cego certyfikat ekologiczny.<\/p>\n<p><strong>Mi\u0119ta<\/strong>, \u0142agodzi nieco intensywny smak octu, a sam ocet wydobywa z mi\u0119ty wszystkie jej w\u0142a\u015bciwo\u015bci.<\/p>\n<p><strong>Matka octowa<\/strong> widoczna w butelce z octem w postaci cienkiego galaretowatego filmu jest gwarancj\u0105 najwy\u017cszej jako\u015bci octu. Z regu\u0142y p\u0142ywa ona w butelce na powierzchni octu, a je\u015bli jest niewidoczna, to wytworzy si\u0119 po otwarciu butelki w ci\u0105gu kilku dni. Matka octowa nie stanowi wady produktu \u2013 s\u0105 to cenne bakterie kwasu octowego.<\/p>\n<p><strong>Od strony medycznej<\/strong>, ocet jab\u0142kowy z matk\u0105 octow\u0105 wytwarzany metod\u0105 tradycyjn\u0105, stosowany jest do regulacji poziomu pH \u017co\u0142\u0105dka, czyli m.in. w zwalczaniu dolegliwo\u015bci zwi\u0105zanych ze zgag\u0105, czy refluksem, obni\u017caniu poziom cukru we krwi, zwalcza wszelkiego rodzaju infekcje o pod\u0142o\u017cu bakteryjnym.<\/p>\n<p>Mo\u017cna stosowa\u0107 <strong>w po\u0142\u0105czeniu z miodem<\/strong> i wod\u0105, dodaj\u0105c \u0142y\u017ck\u0119 sto\u0142ow\u0105 naszego octu na p\u00f3\u0142 szklanki wody z miodem.<\/p>\n<p><strong>Kulinarnie<\/strong>, nasz ocet idealnie sprawdza si\u0119 jako bezpo\u015brednia zalewa wszelkiego rodzaju marynat(bez rozcie\u0144czania). Marynaty s\u0105 \u0142agodniejsze w smaku w stosunku do zalewy przygotowywanej z octu spirytusowego.<\/p>\n<p>Ocet jab\u0142kowy produkowany metod\u0105 tradycyjn\u0105, nie niszczy czerwonych krwinek.<\/p>\n<p><em><strong>Produkt niefiltrowany i niepasteryzowany.<\/strong><\/em><\/p>\n","protected":false},"featured_media":17640,"comment_status":"closed","ping_status":"closed","template":"","meta":{"jetpack_post_was_ever_published":false,"jetpack_publicize_message":"","jetpack_publicize_feature_enabled":true,"jetpack_social_post_already_shared":true,"jetpack_social_options":{"image_generator_settings":{"template":"highway","default_image_id":0,"font":"","enabled":false},"version":2}},"product_brand":[],"product_cat":[43],"product_tag":[45,50,51,38,44,40,41,42,39,37,63,19,35],"class_list":{"0":"post-17642","1":"product","2":"type-product","3":"status-publish","4":"has-post-thumbnail","6":"product_cat-octy","7":"product_tag-matka-octowa","8":"product_tag-ocet-cydrowy","9":"product_tag-ocet-cydrowy-bio","10":"product_tag-ocet-jablkowy-bio","11":"product_tag-ocet-jablkowy-ekologiczny","12":"product_tag-ocet-jablkowy-ekonuta","13":"product_tag-ocet-jablkowy-niefiltrowany","14":"product_tag-ocet-jablkowy-niepasteryzowany","15":"product_tag-ocet-jablkowy-tradycyjny","16":"product_tag-ocet-jablkowy-z-matka-octowa","17":"product_tag-ocet-jablkowy-z-mieta","18":"product_tag-stare-jablonie","19":"product_tag-stare-odmiany-jabloni","21":"first","22":"outofstock","23":"taxable","24":"shipping-taxable","25":"purchasable","26":"product-type-simple","27":"czr-hentry"},"yoast_head":"<!-- This site is optimized with the Yoast SEO plugin v27.2 - https:\/\/yoast.com\/product\/yoast-seo-wordpress\/ -->\n<title>Ocet jab\u0142kowy(cydrowy) BIO z matk\u0105 octow\u0105 ze starych odmian jab\u0142oni z mi\u0119t\u0105 - 250ml - EKONUTA<\/title>\n<meta name=\"description\" content=\"Ocet jab\u0142kowy BIO z matk\u0105 octow\u0105 ze starych odmian jab\u0142oni tj. Malinowa Oberlandzka, Z\u0142ota Reneta, Szara Reneta, Cesarz Wilhelm, Bancroft, Oliwka \u017b\u00f3\u0142ta.\" \/>\n<meta name=\"robots\" content=\"index, follow, max-snippet:-1, max-image-preview:large, max-video-preview:-1\" \/>\n<link rel=\"canonical\" href=\"https:\/\/www.ekonuta.pl\/?product=ocet-jablkowycydrowy-bio-z-matka-octowa-ze-starych-odmian-jabloni-z-mieta-250ml\" \/>\n<meta property=\"og:locale\" content=\"pl_PL\" \/>\n<meta property=\"og:type\" content=\"article\" \/>\n<meta property=\"og:title\" content=\"Ocet jab\u0142kowy(cydrowy) BIO z matk\u0105 octow\u0105 ze starych odmian jab\u0142oni z mi\u0119t\u0105 - 250ml - EKONUTA\" \/>\n<meta property=\"og:description\" content=\"Ocet jab\u0142kowy BIO z matk\u0105 octow\u0105 ze starych odmian jab\u0142oni tj. Malinowa Oberlandzka, Z\u0142ota Reneta, Szara Reneta, Cesarz Wilhelm, Bancroft, Oliwka \u017b\u00f3\u0142ta.\" \/>\n<meta property=\"og:url\" content=\"https:\/\/www.ekonuta.pl\/?product=ocet-jablkowycydrowy-bio-z-matka-octowa-ze-starych-odmian-jabloni-z-mieta-250ml\" \/>\n<meta property=\"og:site_name\" content=\"EKONUTA\" \/>\n<meta property=\"article:modified_time\" content=\"2023-12-29T08:13:27+00:00\" \/>\n<meta property=\"og:image\" content=\"https:\/\/i0.wp.com\/www.ekonuta.pl\/wp-content\/uploads\/2021\/08\/Ocet_Jab\u0142kowy_BIO_Mi\u0119ta_250ml.jpeg-e1631873608564.jpg?fit=1328%2C2360&ssl=1\" \/>\n\t<meta property=\"og:image:width\" content=\"1328\" \/>\n\t<meta property=\"og:image:height\" content=\"2360\" \/>\n\t<meta property=\"og:image:type\" content=\"image\/jpeg\" \/>\n<meta name=\"twitter:card\" content=\"summary_large_image\" \/>\n<script type=\"application\/ld+json\" class=\"yoast-schema-graph\">{\"@context\":\"https:\/\/schema.org\",\"@graph\":[{\"@type\":\"WebPage\",\"@id\":\"https:\/\/www.ekonuta.pl\/?product=ocet-jablkowycydrowy-bio-z-matka-octowa-ze-starych-odmian-jabloni-z-mieta-250ml\",\"url\":\"https:\/\/www.ekonuta.pl\/?product=ocet-jablkowycydrowy-bio-z-matka-octowa-ze-starych-odmian-jabloni-z-mieta-250ml\",\"name\":\"Ocet jab\u0142kowy(cydrowy) BIO z matk\u0105 octow\u0105 ze starych odmian jab\u0142oni z mi\u0119t\u0105 - 250ml - EKONUTA\",\"isPartOf\":{\"@id\":\"https:\/\/www.ekonuta.pl\/#website\"},\"primaryImageOfPage\":{\"@id\":\"https:\/\/www.ekonuta.pl\/?product=ocet-jablkowycydrowy-bio-z-matka-octowa-ze-starych-odmian-jabloni-z-mieta-250ml#primaryimage\"},\"image\":{\"@id\":\"https:\/\/www.ekonuta.pl\/?product=ocet-jablkowycydrowy-bio-z-matka-octowa-ze-starych-odmian-jabloni-z-mieta-250ml#primaryimage\"},\"thumbnailUrl\":\"https:\/\/i0.wp.com\/www.ekonuta.pl\/wp-content\/uploads\/2021\/08\/Ocet_Jab%C5%82kowy_BIO_Mi%C4%99ta_250ml.jpeg-e1631873608564.jpg?fit=1328%2C2360&ssl=1\",\"datePublished\":\"2021-08-25T12:43:24+00:00\",\"dateModified\":\"2023-12-29T08:13:27+00:00\",\"description\":\"Ocet jab\u0142kowy BIO z matk\u0105 octow\u0105 ze starych odmian jab\u0142oni tj. Malinowa Oberlandzka, Z\u0142ota Reneta, Szara Reneta, Cesarz Wilhelm, Bancroft, Oliwka \u017b\u00f3\u0142ta.\",\"breadcrumb\":{\"@id\":\"https:\/\/www.ekonuta.pl\/?product=ocet-jablkowycydrowy-bio-z-matka-octowa-ze-starych-odmian-jabloni-z-mieta-250ml#breadcrumb\"},\"inLanguage\":\"pl-PL\",\"potentialAction\":[{\"@type\":\"ReadAction\",\"target\":[\"https:\/\/www.ekonuta.pl\/?product=ocet-jablkowycydrowy-bio-z-matka-octowa-ze-starych-odmian-jabloni-z-mieta-250ml\"]}]},{\"@type\":\"ImageObject\",\"inLanguage\":\"pl-PL\",\"@id\":\"https:\/\/www.ekonuta.pl\/?product=ocet-jablkowycydrowy-bio-z-matka-octowa-ze-starych-odmian-jabloni-z-mieta-250ml#primaryimage\",\"url\":\"https:\/\/i0.wp.com\/www.ekonuta.pl\/wp-content\/uploads\/2021\/08\/Ocet_Jab%C5%82kowy_BIO_Mi%C4%99ta_250ml.jpeg-e1631873608564.jpg?fit=1328%2C2360&ssl=1\",\"contentUrl\":\"https:\/\/i0.wp.com\/www.ekonuta.pl\/wp-content\/uploads\/2021\/08\/Ocet_Jab%C5%82kowy_BIO_Mi%C4%99ta_250ml.jpeg-e1631873608564.jpg?fit=1328%2C2360&ssl=1\",\"width\":1328,\"height\":2360},{\"@type\":\"BreadcrumbList\",\"@id\":\"https:\/\/www.ekonuta.pl\/?product=ocet-jablkowycydrowy-bio-z-matka-octowa-ze-starych-odmian-jabloni-z-mieta-250ml#breadcrumb\",\"itemListElement\":[{\"@type\":\"ListItem\",\"position\":1,\"name\":\"Strona g\u0142\u00f3wna\",\"item\":\"https:\/\/www.ekonuta.pl\/\"},{\"@type\":\"ListItem\",\"position\":2,\"name\":\"Sklep\",\"item\":\"https:\/\/www.ekonuta.pl\/?page_id=59\"},{\"@type\":\"ListItem\",\"position\":3,\"name\":\"Ocet jab\u0142kowy(cydrowy) BIO z matk\u0105 octow\u0105 ze starych odmian jab\u0142oni z mi\u0119t\u0105 &#8211; 250ml\"}]},{\"@type\":\"WebSite\",\"@id\":\"https:\/\/www.ekonuta.pl\/#website\",\"url\":\"https:\/\/www.ekonuta.pl\/\",\"name\":\"EKONUTA\",\"description\":\"Tradycyjne produkty ekologiczne z owoc\u00f3w starych odmian jab\u0142oni - dawny smak owoc\u00f3w\",\"potentialAction\":[{\"@type\":\"SearchAction\",\"target\":{\"@type\":\"EntryPoint\",\"urlTemplate\":\"https:\/\/www.ekonuta.pl\/?s={search_term_string}\"},\"query-input\":{\"@type\":\"PropertyValueSpecification\",\"valueRequired\":true,\"valueName\":\"search_term_string\"}}],\"inLanguage\":\"pl-PL\"}]}<\/script>\n<!-- \/ Yoast SEO plugin. -->","yoast_head_json":{"title":"Ocet jab\u0142kowy(cydrowy) BIO z matk\u0105 octow\u0105 ze starych odmian jab\u0142oni z mi\u0119t\u0105 - 250ml - EKONUTA","description":"Ocet jab\u0142kowy BIO z matk\u0105 octow\u0105 ze starych odmian jab\u0142oni tj. Malinowa Oberlandzka, Z\u0142ota Reneta, Szara Reneta, Cesarz Wilhelm, Bancroft, Oliwka \u017b\u00f3\u0142ta.","robots":{"index":"index","follow":"follow","max-snippet":"max-snippet:-1","max-image-preview":"max-image-preview:large","max-video-preview":"max-video-preview:-1"},"canonical":"https:\/\/www.ekonuta.pl\/?product=ocet-jablkowycydrowy-bio-z-matka-octowa-ze-starych-odmian-jabloni-z-mieta-250ml","og_locale":"pl_PL","og_type":"article","og_title":"Ocet jab\u0142kowy(cydrowy) BIO z matk\u0105 octow\u0105 ze starych odmian jab\u0142oni z mi\u0119t\u0105 - 250ml - EKONUTA","og_description":"Ocet jab\u0142kowy BIO z matk\u0105 octow\u0105 ze starych odmian jab\u0142oni tj. Malinowa Oberlandzka, Z\u0142ota Reneta, Szara Reneta, Cesarz Wilhelm, Bancroft, Oliwka \u017b\u00f3\u0142ta.","og_url":"https:\/\/www.ekonuta.pl\/?product=ocet-jablkowycydrowy-bio-z-matka-octowa-ze-starych-odmian-jabloni-z-mieta-250ml","og_site_name":"EKONUTA","article_modified_time":"2023-12-29T08:13:27+00:00","og_image":[{"width":1328,"height":2360,"url":"https:\/\/i0.wp.com\/www.ekonuta.pl\/wp-content\/uploads\/2021\/08\/Ocet_Jab\u0142kowy_BIO_Mi\u0119ta_250ml.jpeg-e1631873608564.jpg?fit=1328%2C2360&ssl=1","type":"image\/jpeg"}],"twitter_card":"summary_large_image","schema":{"@context":"https:\/\/schema.org","@graph":[{"@type":"WebPage","@id":"https:\/\/www.ekonuta.pl\/?product=ocet-jablkowycydrowy-bio-z-matka-octowa-ze-starych-odmian-jabloni-z-mieta-250ml","url":"https:\/\/www.ekonuta.pl\/?product=ocet-jablkowycydrowy-bio-z-matka-octowa-ze-starych-odmian-jabloni-z-mieta-250ml","name":"Ocet jab\u0142kowy(cydrowy) BIO z matk\u0105 octow\u0105 ze starych odmian jab\u0142oni z mi\u0119t\u0105 - 250ml - EKONUTA","isPartOf":{"@id":"https:\/\/www.ekonuta.pl\/#website"},"primaryImageOfPage":{"@id":"https:\/\/www.ekonuta.pl\/?product=ocet-jablkowycydrowy-bio-z-matka-octowa-ze-starych-odmian-jabloni-z-mieta-250ml#primaryimage"},"image":{"@id":"https:\/\/www.ekonuta.pl\/?product=ocet-jablkowycydrowy-bio-z-matka-octowa-ze-starych-odmian-jabloni-z-mieta-250ml#primaryimage"},"thumbnailUrl":"https:\/\/i0.wp.com\/www.ekonuta.pl\/wp-content\/uploads\/2021\/08\/Ocet_Jab%C5%82kowy_BIO_Mi%C4%99ta_250ml.jpeg-e1631873608564.jpg?fit=1328%2C2360&ssl=1","datePublished":"2021-08-25T12:43:24+00:00","dateModified":"2023-12-29T08:13:27+00:00","description":"Ocet jab\u0142kowy BIO z matk\u0105 octow\u0105 ze starych odmian jab\u0142oni tj. Malinowa Oberlandzka, Z\u0142ota Reneta, Szara Reneta, Cesarz Wilhelm, Bancroft, Oliwka \u017b\u00f3\u0142ta.","breadcrumb":{"@id":"https:\/\/www.ekonuta.pl\/?product=ocet-jablkowycydrowy-bio-z-matka-octowa-ze-starych-odmian-jabloni-z-mieta-250ml#breadcrumb"},"inLanguage":"pl-PL","potentialAction":[{"@type":"ReadAction","target":["https:\/\/www.ekonuta.pl\/?product=ocet-jablkowycydrowy-bio-z-matka-octowa-ze-starych-odmian-jabloni-z-mieta-250ml"]}]},{"@type":"ImageObject","inLanguage":"pl-PL","@id":"https:\/\/www.ekonuta.pl\/?product=ocet-jablkowycydrowy-bio-z-matka-octowa-ze-starych-odmian-jabloni-z-mieta-250ml#primaryimage","url":"https:\/\/i0.wp.com\/www.ekonuta.pl\/wp-content\/uploads\/2021\/08\/Ocet_Jab%C5%82kowy_BIO_Mi%C4%99ta_250ml.jpeg-e1631873608564.jpg?fit=1328%2C2360&ssl=1","contentUrl":"https:\/\/i0.wp.com\/www.ekonuta.pl\/wp-content\/uploads\/2021\/08\/Ocet_Jab%C5%82kowy_BIO_Mi%C4%99ta_250ml.jpeg-e1631873608564.jpg?fit=1328%2C2360&ssl=1","width":1328,"height":2360},{"@type":"BreadcrumbList","@id":"https:\/\/www.ekonuta.pl\/?product=ocet-jablkowycydrowy-bio-z-matka-octowa-ze-starych-odmian-jabloni-z-mieta-250ml#breadcrumb","itemListElement":[{"@type":"ListItem","position":1,"name":"Strona g\u0142\u00f3wna","item":"https:\/\/www.ekonuta.pl\/"},{"@type":"ListItem","position":2,"name":"Sklep","item":"https:\/\/www.ekonuta.pl\/?page_id=59"},{"@type":"ListItem","position":3,"name":"Ocet jab\u0142kowy(cydrowy) BIO z matk\u0105 octow\u0105 ze starych odmian jab\u0142oni z mi\u0119t\u0105 &#8211; 250ml"}]},{"@type":"WebSite","@id":"https:\/\/www.ekonuta.pl\/#website","url":"https:\/\/www.ekonuta.pl\/","name":"EKONUTA","description":"Tradycyjne produkty ekologiczne z owoc\u00f3w starych odmian jab\u0142oni - dawny smak owoc\u00f3w","potentialAction":[{"@type":"SearchAction","target":{"@type":"EntryPoint","urlTemplate":"https:\/\/www.ekonuta.pl\/?s={search_term_string}"},"query-input":{"@type":"PropertyValueSpecification","valueRequired":true,"valueName":"search_term_string"}}],"inLanguage":"pl-PL"}]}},"jetpack_publicize_connections":[],"jetpack_sharing_enabled":true,"_links":{"self":[{"href":"https:\/\/www.ekonuta.pl\/index.php?rest_route=\/wp\/v2\/product\/17642","targetHints":{"allow":["GET"]}}],"collection":[{"href":"https:\/\/www.ekonuta.pl\/index.php?rest_route=\/wp\/v2\/product"}],"about":[{"href":"https:\/\/www.ekonuta.pl\/index.php?rest_route=\/wp\/v2\/types\/product"}],"replies":[{"embeddable":true,"href":"https:\/\/www.ekonuta.pl\/index.php?rest_route=%2Fwp%2Fv2%2Fcomments&post=17642"}],"wp:featuredmedia":[{"embeddable":true,"href":"https:\/\/www.ekonuta.pl\/index.php?rest_route=\/wp\/v2\/media\/17640"}],"wp:attachment":[{"href":"https:\/\/www.ekonuta.pl\/index.php?rest_route=%2Fwp%2Fv2%2Fmedia&parent=17642"}],"wp:term":[{"taxonomy":"product_brand","embeddable":true,"href":"https:\/\/www.ekonuta.pl\/index.php?rest_route=%2Fwp%2Fv2%2Fproduct_brand&post=17642"},{"taxonomy":"product_cat","embeddable":true,"href":"https:\/\/www.ekonuta.pl\/index.php?rest_route=%2Fwp%2Fv2%2Fproduct_cat&post=17642"},{"taxonomy":"product_tag","embeddable":true,"href":"https:\/\/www.ekonuta.pl\/index.php?rest_route=%2Fwp%2Fv2%2Fproduct_tag&post=17642"}],"curies":[{"name":"wp","href":"https:\/\/api.w.org\/{rel}","templated":true}]}}