{"id":32,"date":"2015-07-02T21:05:20","date_gmt":"2015-07-02T19:05:20","guid":{"rendered":"http:\/\/www.ekonuta.pl\/?page_id=32"},"modified":"2025-08-27T14:20:09","modified_gmt":"2025-08-27T12:20:09","slug":"kontakt","status":"publish","type":"page","link":"https:\/\/www.ekonuta.pl\/?page_id=32","title":{"rendered":"Kontakt"},"content":{"rendered":"<div id=\"pl-32\"  class=\"panel-layout\" ><div id=\"pg-32-0\"  class=\"panel-grid panel-no-style\" ><div id=\"pgc-32-0-0\"  class=\"panel-grid-cell\" ><div id=\"panel-32-0-0-0\" class=\"so-panel widget widget_text panel-first-child panel-last-child\" data-index=\"0\" >\t\t\t<div class=\"textwidget\"><h3 class=\"widget-title\">Napisz do nas<\/h3>\t\t\t\n<div class=\"wpcf7 no-js\" id=\"wpcf7-f3-o1\" lang=\"pl-PL\" dir=\"ltr\" data-wpcf7-id=\"3\">\n<div class=\"screen-reader-response\"><p role=\"status\" aria-live=\"polite\" aria-atomic=\"true\"><\/p> <ul><\/ul><\/div>\n<form action=\"\/index.php?rest_route=%2Fwp%2Fv2%2Fpages%2F32#wpcf7-f3-o1\" method=\"post\" class=\"wpcf7-form init\" aria-label=\"Formularz kontaktowy\" novalidate=\"novalidate\" data-status=\"init\">\n<fieldset class=\"hidden-fields-container\"><input type=\"hidden\" name=\"_wpcf7\" value=\"3\" \/><input type=\"hidden\" name=\"_wpcf7_version\" value=\"6.1.5\" \/><input type=\"hidden\" name=\"_wpcf7_locale\" value=\"pl_PL\" \/><input type=\"hidden\" name=\"_wpcf7_unit_tag\" value=\"wpcf7-f3-o1\" \/><input type=\"hidden\" name=\"_wpcf7_container_post\" value=\"0\" \/><input type=\"hidden\" name=\"_wpcf7_posted_data_hash\" value=\"\" \/>\n<\/fieldset>\n<p>Imi\u0119 i nazwisko (wymagane)\n<\/p>\n<p><span class=\"wpcf7-form-control-wrap\" data-name=\"your-name\"><input size=\"40\" maxlength=\"400\" class=\"wpcf7-form-control wpcf7-text wpcf7-validates-as-required\" aria-required=\"true\" aria-invalid=\"false\" value=\"\" type=\"text\" name=\"your-name\" \/><\/span>\n<\/p>\n<p>Adres email (wymagane)\n<\/p>\n<p><span class=\"wpcf7-form-control-wrap\" data-name=\"your-email\"><input size=\"40\" maxlength=\"400\" class=\"wpcf7-form-control wpcf7-email wpcf7-validates-as-required wpcf7-text wpcf7-validates-as-email\" aria-required=\"true\" aria-invalid=\"false\" value=\"\" type=\"email\" name=\"your-email\" \/><\/span>\n<\/p>\n<p>Temat\n<\/p>\n<p><span class=\"wpcf7-form-control-wrap\" data-name=\"your-subject\"><input size=\"40\" maxlength=\"400\" class=\"wpcf7-form-control wpcf7-text\" aria-invalid=\"false\" value=\"\" type=\"text\" name=\"your-subject\" \/><\/span>\n<\/p>\n<p>Tre\u015b\u0107 wiadomo\u015bci\n<\/p>\n<p><span class=\"wpcf7-form-control-wrap\" data-name=\"your-message\"><textarea cols=\"40\" rows=\"10\" maxlength=\"2000\" class=\"wpcf7-form-control wpcf7-textarea\" aria-invalid=\"false\" name=\"your-message\"><\/textarea><\/span>\n<\/p>\n<p><input class=\"wpcf7-form-control wpcf7-submit has-spinner\" type=\"submit\" value=\"Wy\u015blij\" \/>\n<\/p><p style=\"display: none !important;\" class=\"akismet-fields-container\" data-prefix=\"_wpcf7_ak_\"><label>&#916;<textarea name=\"_wpcf7_ak_hp_textarea\" cols=\"45\" rows=\"8\" maxlength=\"100\"><\/textarea><\/label><input type=\"hidden\" id=\"ak_js_1\" name=\"_wpcf7_ak_js\" value=\"105\"\/><script>document.getElementById( \"ak_js_1\" ).setAttribute( \"value\", ( new Date() ).getTime() );<\/script><\/p><div class=\"wpcf7-response-output\" aria-hidden=\"true\"><\/div>\n<\/form>\n<\/div>\n\n\t\t<\/div>\n\t\t<\/div><\/div><div id=\"pgc-32-0-1\"  class=\"panel-grid-cell\" ><div id=\"panel-32-0-1-0\" class=\"so-panel widget widget_text panel-first-child\" data-index=\"1\" ><h3 class=\"widget-title\">Lokalizacja<\/h3>\t\t\t<div class=\"textwidget\"><iframe src=\"https:\/\/www.google.com\/maps\/embed?pb=!1m14!1m8!1m3!1d78254.92872679271!2d20.1899734!3d52.1985691!3m2!1i1024!2i768!4f13.1!3m3!1m2!1s0x471bfd0f8cecc569%3A0xc4833a4dea0cdab4!2sEKONUTA!5e0!3m2!1spl!2spl!4v1756297014182!5m2!1spl!2spl\" style=\"border:0;\" allowfullscreen=\"\" loading=\"lazy\" referrerpolicy=\"no-referrer-when-downgrade\"><\/iframe><\/div>\n\t\t<\/div><div id=\"panel-32-0-1-1\" class=\"so-panel widget widget_text panel-last-child\" data-index=\"2\" >\t\t\t<div class=\"textwidget\"><h3 class=\"widget-title\">Dane kontaktowe<\/h3>\nEKONUTA<br>\nJan\u00f3wek Duranowski 3<br>\n96-500 Sochaczew<br>\ntel.: 607 323 272<br>\nwhatsapp:+48 607 323 272<br>\ne-mail: info@ekonuta.pl<br><\/div>\n\t\t<\/div><\/div><\/div><\/div>","protected":false},"excerpt":{"rendered":"<p>Napisz do nas Dane kontaktowe EKONUTA Jan\u00f3wek Duranowski 3 96-500 Sochaczew tel.: 607 323 272 whatsapp:+48 607 323 272 e-mail: info@ekonuta.pl<\/p>\n","protected":false},"author":1,"featured_media":0,"parent":0,"menu_order":0,"comment_status":"closed","ping_status":"closed","template":"","meta":{"jetpack_post_was_ever_published":false,"footnotes":""},"class_list":["post-32","page","type-page","status-publish","czr-hentry"],"yoast_head":"<!-- This site is optimized with the Yoast SEO plugin v27.2 - https:\/\/yoast.com\/product\/yoast-seo-wordpress\/ -->\n<title>Kontakt - EKONUTA<\/title>\n<meta name=\"robots\" content=\"index, follow, max-snippet:-1, max-image-preview:large, max-video-preview:-1\" \/>\n<link rel=\"canonical\" href=\"https:\/\/www.ekonuta.pl\/?page_id=32\" \/>\n<meta property=\"og:locale\" content=\"pl_PL\" \/>\n<meta property=\"og:type\" content=\"article\" \/>\n<meta property=\"og:title\" content=\"Kontakt - EKONUTA\" \/>\n<meta property=\"og:description\" content=\"Napisz do nas Dane kontaktowe EKONUTA Jan\u00f3wek Duranowski 3 96-500 Sochaczew tel.: 607 323 272 whatsapp:+48 607 323 272 e-mail: info@ekonuta.pl\" \/>\n<meta property=\"og:url\" content=\"https:\/\/www.ekonuta.pl\/?page_id=32\" \/>\n<meta property=\"og:site_name\" content=\"EKONUTA\" \/>\n<meta property=\"article:modified_time\" content=\"2025-08-27T12:20:09+00:00\" \/>\n<meta name=\"twitter:card\" content=\"summary_large_image\" \/>\n<meta name=\"twitter:label1\" content=\"Szacowany czas czytania\" \/>\n\t<meta name=\"twitter:data1\" content=\"1 minuta\" \/>\n<script type=\"application\/ld+json\" class=\"yoast-schema-graph\">{\"@context\":\"https:\/\/schema.org\",\"@graph\":[{\"@type\":\"WebPage\",\"@id\":\"https:\/\/www.ekonuta.pl\/?page_id=32\",\"url\":\"https:\/\/www.ekonuta.pl\/?page_id=32\",\"name\":\"Kontakt - EKONUTA\",\"isPartOf\":{\"@id\":\"https:\/\/www.ekonuta.pl\/#website\"},\"datePublished\":\"2015-07-02T19:05:20+00:00\",\"dateModified\":\"2025-08-27T12:20:09+00:00\",\"breadcrumb\":{\"@id\":\"https:\/\/www.ekonuta.pl\/?page_id=32#breadcrumb\"},\"inLanguage\":\"pl-PL\",\"potentialAction\":[{\"@type\":\"ReadAction\",\"target\":[\"https:\/\/www.ekonuta.pl\/?page_id=32\"]}]},{\"@type\":\"BreadcrumbList\",\"@id\":\"https:\/\/www.ekonuta.pl\/?page_id=32#breadcrumb\",\"itemListElement\":[{\"@type\":\"ListItem\",\"position\":1,\"name\":\"Strona g\u0142\u00f3wna\",\"item\":\"https:\/\/www.ekonuta.pl\/\"},{\"@type\":\"ListItem\",\"position\":2,\"name\":\"Kontakt\"}]},{\"@type\":\"WebSite\",\"@id\":\"https:\/\/www.ekonuta.pl\/#website\",\"url\":\"https:\/\/www.ekonuta.pl\/\",\"name\":\"EKONUTA\",\"description\":\"Tradycyjne produkty ekologiczne z owoc\u00f3w starych odmian jab\u0142oni - dawny smak owoc\u00f3w\",\"potentialAction\":[{\"@type\":\"SearchAction\",\"target\":{\"@type\":\"EntryPoint\",\"urlTemplate\":\"https:\/\/www.ekonuta.pl\/?s={search_term_string}\"},\"query-input\":{\"@type\":\"PropertyValueSpecification\",\"valueRequired\":true,\"valueName\":\"search_term_string\"}}],\"inLanguage\":\"pl-PL\"}]}<\/script>\n<!-- \/ Yoast SEO plugin. -->","yoast_head_json":{"title":"Kontakt - EKONUTA","robots":{"index":"index","follow":"follow","max-snippet":"max-snippet:-1","max-image-preview":"max-image-preview:large","max-video-preview":"max-video-preview:-1"},"canonical":"https:\/\/www.ekonuta.pl\/?page_id=32","og_locale":"pl_PL","og_type":"article","og_title":"Kontakt - EKONUTA","og_description":"Napisz do nas Dane kontaktowe EKONUTA Jan\u00f3wek Duranowski 3 96-500 Sochaczew tel.: 607 323 272 whatsapp:+48 607 323 272 e-mail: info@ekonuta.pl","og_url":"https:\/\/www.ekonuta.pl\/?page_id=32","og_site_name":"EKONUTA","article_modified_time":"2025-08-27T12:20:09+00:00","twitter_card":"summary_large_image","twitter_misc":{"Szacowany czas czytania":"1 minuta"},"schema":{"@context":"https:\/\/schema.org","@graph":[{"@type":"WebPage","@id":"https:\/\/www.ekonuta.pl\/?page_id=32","url":"https:\/\/www.ekonuta.pl\/?page_id=32","name":"Kontakt - EKONUTA","isPartOf":{"@id":"https:\/\/www.ekonuta.pl\/#website"},"datePublished":"2015-07-02T19:05:20+00:00","dateModified":"2025-08-27T12:20:09+00:00","breadcrumb":{"@id":"https:\/\/www.ekonuta.pl\/?page_id=32#breadcrumb"},"inLanguage":"pl-PL","potentialAction":[{"@type":"ReadAction","target":["https:\/\/www.ekonuta.pl\/?page_id=32"]}]},{"@type":"BreadcrumbList","@id":"https:\/\/www.ekonuta.pl\/?page_id=32#breadcrumb","itemListElement":[{"@type":"ListItem","position":1,"name":"Strona g\u0142\u00f3wna","item":"https:\/\/www.ekonuta.pl\/"},{"@type":"ListItem","position":2,"name":"Kontakt"}]},{"@type":"WebSite","@id":"https:\/\/www.ekonuta.pl\/#website","url":"https:\/\/www.ekonuta.pl\/","name":"EKONUTA","description":"Tradycyjne produkty ekologiczne z owoc\u00f3w starych odmian jab\u0142oni - dawny smak owoc\u00f3w","potentialAction":[{"@type":"SearchAction","target":{"@type":"EntryPoint","urlTemplate":"https:\/\/www.ekonuta.pl\/?s={search_term_string}"},"query-input":{"@type":"PropertyValueSpecification","valueRequired":true,"valueName":"search_term_string"}}],"inLanguage":"pl-PL"}]}},"jetpack_sharing_enabled":true,"jetpack_shortlink":"https:\/\/wp.me\/P7P49A-w","_links":{"self":[{"href":"https:\/\/www.ekonuta.pl\/index.php?rest_route=\/wp\/v2\/pages\/32","targetHints":{"allow":["GET"]}}],"collection":[{"href":"https:\/\/www.ekonuta.pl\/index.php?rest_route=\/wp\/v2\/pages"}],"about":[{"href":"https:\/\/www.ekonuta.pl\/index.php?rest_route=\/wp\/v2\/types\/page"}],"author":[{"embeddable":true,"href":"https:\/\/www.ekonuta.pl\/index.php?rest_route=\/wp\/v2\/users\/1"}],"replies":[{"embeddable":true,"href":"https:\/\/www.ekonuta.pl\/index.php?rest_route=%2Fwp%2Fv2%2Fcomments&post=32"}],"version-history":[{"count":3,"href":"https:\/\/www.ekonuta.pl\/index.php?rest_route=\/wp\/v2\/pages\/32\/revisions"}],"predecessor-version":[{"id":18548,"href":"https:\/\/www.ekonuta.pl\/index.php?rest_route=\/wp\/v2\/pages\/32\/revisions\/18548"}],"wp:attachment":[{"href":"https:\/\/www.ekonuta.pl\/index.php?rest_route=%2Fwp%2Fv2%2Fmedia&parent=32"}],"curies":[{"name":"wp","href":"https:\/\/api.w.org\/{rel}","templated":true}]}}